i**3 - i**2 - 76*i + 26. Calculate k(5).
-4
Let t(b) = -3*b**2 + 17*b + 1174. Determine t(-17).
18
Let l(t) = -t**3 + 5*t**2 + 42*t + 20. Determine l(10).
-60
Let c(g) = -140*g - 544. Determine c(-4).
16
Let k(l) = l**3 + 2*l**2 - 438*l + 44. Give k(-22).
0
Let v(p) = 4*p**3 + 28*p**2 - 11*p - 72. Determine v(-7).
5
Let o(i) = 5*i**2 + 21*i + 51. Give o(-11).
425
Let j(x) = 4*x - 169. Determine j(11).
-125
Let a(s) = -2*s**3 - 5*s**2 + 53*s - 77. Give a(3).
-17
Let x(z) = z**3 - 36*z**2 + 159*z + 546. Determine x(8).
26
Let p(h) = -h**2 - 4*h - 38. What is p(-6)?
-50
Let i(w) = -162*w + 2430. Give i(15).
0
Let w(o) = 79*o + 3. What is w(-6)?
-471
Let k(h) = 23*h - 575. Determine k(27).
46
Let j(l) = -47*l**3 + l**2 - l. Determine j(1).
-47
Let x(m) = -20*m - 61. Calculate x(-25).
439
Let h(c) = -3*c**3 - 241*c**2 - 78*c + 140. Calculate h(-80).
-20
Let s(h) = -14*h - 574. What is s(-50)?
126
Let g(b) = -6*b**2 + 10*b - 9. Calculate g(4).
-65
Let k(f) = 30*f - 260. Give k(5).
-110
Let u(h) = 563*h - 527. What is u(1)?
36
Let g(q) = 5*q**3 + 95*q**2 + 440*q - 6. Determine g(-11).
-6
Let v(r) = 65*r - 3874. Give v(59).
-39
Let d(s) = 45*s + 70. Give d(-1).
25
Let x(q) = -5*q**3 + 8*q**2 + 27*q - 3. Calculate x(5).
-293
Let m(f) = -f**3 - 10*f**2 - 31*f - 97. Determine m(-8).
23
Let i(h) = h**3 - 8*h**2 - 3*h + 6. Give i(6).
-84
Let v(z) = 9*z**2 + 483*z + 94. Calculate v(-54).
256
Let v(d) = -2*d**2 + 15*d + 47. Determine v(11).
-30
Let x(j) = 2*j**2 + 6*j - 37. Calculate x(-6).
-1
Let g(z) = z**3 - 2*z**2 + 2*z - 24. Calculate g(0).
-24
Let q(n) = 72*n - 637. Calculate q(9).
11
Let b(v) = 3*v**2 - 27*v - 15. Calculate b(12).
93
Let a(t) = -t**3 - 11*t**2 + 18*t + 122. Calculate a(-12).
50
Let h(c) = -13*c**3 + 118*c**2 - 36*c + 4. Calculate h(8).
612
Let l(f) = -11*f**2 - f - 6. Calculate l(2).
-52
Let n(f) = f**3 - 16*f**2 + 22*f - 1. Determine n(16).
351
Let v(m) = m**2 + 32*m - 3215. What is v(-75)?
10
Let x(c) = -c**2 + 26*c - 86. Determine x(29).
-173
Let i(z) = 875*z - 6881. Determine i(8).
119
Let x(s) = 2*s**2 + 34*s - 108. Determine x(3).
12
Let y(b) = -b**2 + 51*b + 1003. Give y(66).
13
Let i(y) = -20*y**2 - y + 1. Calculate i(-2).
-77
Let c(a) = -16*a - 81. Calculate c(-12).
111
Let m(c) = -121*c**2 + 25*c - 26. Calculate m(1).
-122
Let g(y) = 210*y - 2112. Give g(10).
-12
Let a(z) = 4217*z + 92780. Determine a(-22).
6
Let s(g) = -222*g - 1514. What is s(-7)?
40
Let n(t) = 28*t + 191. Calculate n(-8).
-33
Let u(d) = -38*d**2 - 492*d + 33. Give u(-13).
7
Let s(n) = 15*n + 272. Determine s(-18).
2
Let a(i) = 3*i**2 + 10*i - 119. Calculate a(-8).
-7
Let c(l) = 41*l + 154. What is c(-3)?
31
Let o(g) = -24*g - 325. Give o(-14).
11
Let m(v) = 2*v**3 + 79*v**2 - 42*v + 100. What is m(-40)?
180
Let s(z) = z**2 + 85*z + 327. What is s(-4)?
3
Let b(y) = -10*y - 31. What is b(-7)?
39
Let w(i) = 101*i + 4831. Calculate w(-48).
-17
Let q(a) = 25*a - 363. Calculate q(11).
-88
Let x(k) = -2*k**2 - 72*k - 246. Give x(-31).
64
Let b(k) = k**2 + 23*k - 129. Calculate b(-27).
-21
Let m(j) = j**2 + 4*j + 6. Determine m(-2).
2
Let o(b) = -3*b**3 - 8*b**2 - 5*b - 2. Give o(-2).
0
Let s(y) = 5*y**3 + 77*y**2 + 43*y + 24. What is s(-15)?
-171
Let s(y) = 20*y**2 + 154*y + 36. Give s(-7).
-62
Let d(n) = 28*n**2 - 2297*n + 70. What is d(82)?
-12
Let p(g) = -383*g - 2673. What is p(-7)?
8
Let d(n) = 45*n + 810. Calculate d(-21).
-135
Let h(y) = -y**3 + 56*y**2 + 178*y - 3. Determine h(59).
56
Let n(w) = 370*w - 678. Calculate n(2).
62
Let u(z) = 5*z**3 - 115*z**2 - 6*z + 142. Give u(23).
4
Let l(m) = 2*m**2 - 47*m - 64. Determine l(24).
-40
Let y(p) = 4*p**3 - p**2 - 5*p + 6. Give y(-2).
-20
Let m(a) = 2*a**3 - 16*a**2 - 14*a + 116. Determine m(8).
4
Let a(s) = -s**2 - 50*s + 1021. What is a(-62)?
277
Let f(a) = -2*a**3 - 112*a**2 + 4*a + 223. Determine f(-56).
-1
Let n(m) = 2*m**2 - 77*m + 731. Calculate n(16).
11
Let o(d) = -d**3 - 25*d**2 + 151*d + 24. Calculate o(-30).
-6
Let w(v) = -1149*v + 17239. Determine w(15).
4
Let h(s) = s**3 - 45*s**2 - 421*s - 154. Give h(53).
5
Let f(k) = -k**3 - 13*k**2 - 3*k - 63. What is f(-13)?
-24
Let i(m) = 281*m**3 + 2*m**2 + 8*m + 7. What is i(-1)?
-280
Let x(j) = -2*j**3 - 8*j**2 - 20*j - 4. Determine x(-4).
76
Let q(r) = r**3 + 22*r**2 - 13*r - 207. What is q(-22)?
79
Let z(a) = -212*a + 20569. What is z(97)?
5
Let c(w) = w**3 + 24*w**2 - 139*w + 84. Determine c(-29).
-90
Let k(a) = -9*a**3 + 775*a**2 - 87*a + 84. Calculate k(86).
-2
Let s(w) = -15770*w + 47305. Calculate s(3).
-5
Let y(c) = -3*c**2 - 198*c - 2287. What is y(-15)?
8
Let w(l) = -5*l - 694. Give w(-52).
-434
Let q(n) = -4*n**3 - 5*n**2 + 16*n - 7. Calculate q(2).
-27
Let a(d) = -d**3 - 157*d**2 - 150*d + 941. Calculate a(-156).
5
Let r(c) = -c**3 - 4*c**2 - 38*c - 195. Give r(-5).
20
Let x(w) = 3057*w + 3050. Calculate x(-1).
-7
Let o(m) = m**2 + 21*m - 118. What is o(5)?
12
Let s(n) = 3*n**2 - 1070*n - 5419. What is s(-5)?
6
Let p(k) = -21*k - 90. Determine p(2).
-132
Let a(n) = -2*n**3 - 45*n**2 - 22*n + 13. Give a(-22).
13
Let c(t) = t**3 - 139*t**2 + 656*t + 1869. Calculate c(134).
-7
Let j(x) = -x**3 + 2*x**2 - x + 7. Give j(5).
-73
Let t(l) = l**3 + 92*l**2 - 87*l + 560. Give t(-93).
2
Let w(a) = a**3 + 47*a**2 + 542*a + 47. Calculate w(-27).
-7
Let x(w) = w**2 - 3*w - 367. What is x(-18)?
11
Let y(i) = 2*i**2 + 190*i + 380. Determine y(-2).
8
Let p(g) = -27*g + 36. Calculate p(1).
9
Let f(j) = 308*j + 3670. Determine f(-12).
-26
Let s(a) = 2264*a + 15851. Give s(-7).
3
Let h(g) = g**2 + 172*g + 620. Determine h(-4).
-52
Let w(j) = 109*j + 982. What is w(-9)?
1
Let p(n) = n**2 - 132*n + 3916. Give p(45).
1
Let a(q) = -113*q - 11788. Calculate a(-105).
77
Let q(u) = -15*u - 247. Calculate q(-17).
8
Let j(r) = -r**3 + 9*r**2 + 217*r - 27. Calculate j(-11).
6
Let n(o) = -879*o + 26372. Give n(30).
2
Let t(f) = f**3 - 12*f**2 - 6*f - 9. Give t(6).
-261
Let b(m) = -3*m + 196. Give b(60).
16
Let f(i) = 51*i + 6443. Determine f(-127).
-34
Let c(b) = -2*b**2 - 2*b + 311. Calculate c(-13).
-1
Let d(l) = -l**3 - 24*l**2 - 15*l + 45. Calculate d(-25).
1045
Let a(v) = v**3 + 11*v**2 + 29*v - 25. Give a(-6).
-19
Let m(h) = -3*h**2 + 155*h - 943. Calculate m(7).
-5
Let y(x) = 2*x**3 - 2*x - 13. Calculate y(3).
35
Let k(g) = -29*g**2 + 12*g + 15. What is k(-1)?
-26
Let v(j) = 2*j**3 + 54*j**2 - 2*j - 55. What is v(-27)?
-1
Let x(u) = -1197*u + 49. Give x(0).
49
Let c(f) = 3*f**3 + 4*f**2 - 15*f + 6. Determine c(4).
202
Let u(m) = m**3 + 864*m**2 - 11*m + 7. Calculate u(0).
7
Let m(f) = 1454*f - 4057. Determine m(3).
305
Let c(x) = -3*x**3 - 9*x**2 + x - 1. What is c(-3)?
-4
Let m(u) = -2*u**2 - 49*u - 142. Determine m(-28).
-338
Let w(z) = 18*z - 16. Calculate w(-3).
-70
Let a(j) = j**2 + 108*j + 1275. Calculate a(-12).
123
Let v(r) = r**3 - 11*r**2 - 421*r + 4289. Give v(10).
-21
Let a(d) = 11*d**2 + 1108*d + 6605. Determine a(-6).
353
Let m(s) = s**3 + 5*s**2 - 502*s - 1997. Give m(-4).
27
Let d(j) = j**2 - 2*j - 248. Calculate d(-13).
-53
Let x(n) = n**3 + 64*n**2 - 135*n - 180. What is x(-66)?
18
Let w(i) = 67*i + 3341. What is w(-50)?
-9
Let o(y) = 8480*y + 59360. Give o(-7).
0
Let y(p) = 23*p + 531. What is y(-22)?
25
Let q(v) = -v**3 + 15*v**2 - 61*v + 49. Determine q(14).
-609
Let z(m) = -160*m - 1588. Give z(-10).
12
Let l(q) = -1847*q - 7375. Give l(-4).
13
Let b(n) = -n**2 - 144*n - 564. Calculate b(-4).
-4
Let w(u) = u**3 + 15*u**2 - 53*u + 116. Determine w(-18).
98
Let f(p) = -52*p - 56. What is f(2)?
-160
Let d(q) = -q**2 - 29*q - 166. What is d(-22)?
-12
Let y(z) = -31*z - 147. Give y(-7).
70
Let o(v) = 27*v**3 + 3*v**2 + 6*v + 6. Calculate o(-2).
-210
Let s(h) = -h**3 + 132*h**2 + 130*h + 405. What is s(133)?
6
Let i(o) = -59*o**2 - 467*o + 18. Determine i(-8).
-22
Let r(h) = -2865*h + 85962. Give r(30).
12
Let b(d) = -d**3 + 10*d**2 + 29*d - 40. Determine b(11).
158
Let h(t) = 5*t**2 + 212*t + 178. What is h(-41)?
-109
Let h(k) = -190*k - 2838. Give h(-15).
12
Let h(u) = -3*u**3 + 8*u**2 + 16*u - 26. Give h(5).
-121
Let n(g) = 24*g - 339. Give n(29).
357
Let a(l) = l**2 + 914*l - 9222. Calculate a(10).
18
Let y(l) = -13*l - 72. Give y(-6).
6
Let s(t) = -9*t**2 + 18*t - 44. What is s(2)?
-44
Let i(s) = 375*s + 7. What is i(0)?
7
Let x(g) = -2*g